{"id":6238,"date":"2019-03-17T17:04:47","date_gmt":"2019-03-17T16:04:47","guid":{"rendered":"http:\/\/www.braintank.ch\/wp\/?page_id=6238"},"modified":"2019-03-17T17:06:13","modified_gmt":"2019-03-17T16:06:13","slug":"blog","status":"publish","type":"page","link":"https:\/\/braintank.ch\/?page_id=6238","title":{"rendered":"Blog"},"content":{"rendered":"","protected":false},"excerpt":{"rendered":"","protected":false},"author":1,"featured_media":0,"parent":0,"menu_order":0,"comment_status":"closed","ping_status":"closed","template":"","meta":{"advanced_seo_description":"","jetpack_seo_html_title":"","jetpack_seo_noindex":false,"footnotes":""},"class_list":["post-6238","page","type-page","status-publish","hentry","missing-thumbnail"],"jetpack_sharing_enabled":true,"jetpack-related-posts":[{"id":7691,"url":"https:\/\/braintank.ch\/?page_id=7691","url_meta":{"origin":6238,"position":0},"title":"Curriculum vitae","author":"admin","date":"14. M\u00e4rz 2021","format":false,"excerpt":"Mein Name ist Martin Wettstein. Ich glaube an das Gute in den Menschen, die N\u00fctzlichkeit von Computern und dass Wissen und Erfahrung einen Unterschied machen. Seit 2005 schreibe ich in diesem Blog \u00fcber Worte und Themen, die mich besch\u00e4ftigen. Menschen Menschen sind die wertvollste Ressource in jedem Unternehmen und so\u2026","rel":"","context":"Similar post","block_context":{"text":"Similar post","link":""},"img":{"alt_text":"","src":"https:\/\/i0.wp.com\/braintank.ch\/wp-content\/uploads\/2021\/03\/small_bba_5407.jpg?resize=350%2C200&ssl=1","width":350,"height":200,"srcset":"https:\/\/i0.wp.com\/braintank.ch\/wp-content\/uploads\/2021\/03\/small_bba_5407.jpg?resize=350%2C200&ssl=1 1x, https:\/\/i0.wp.com\/braintank.ch\/wp-content\/uploads\/2021\/03\/small_bba_5407.jpg?resize=525%2C300&ssl=1 1.5x, https:\/\/i0.wp.com\/braintank.ch\/wp-content\/uploads\/2021\/03\/small_bba_5407.jpg?resize=700%2C400&ssl=1 2x, https:\/\/i0.wp.com\/braintank.ch\/wp-content\/uploads\/2021\/03\/small_bba_5407.jpg?resize=1050%2C600&ssl=1 3x"},"classes":[]},{"id":6,"url":"https:\/\/braintank.ch\/?page_id=6","url_meta":{"origin":6238,"position":1},"title":"Impressum","author":"admin","date":"15. Oktober 2005","format":false,"excerpt":"Damit auch alles gesagt ist, was man so sagen sollte Urheberrecht Alle Urheber- und anderen Rechte am gesamten Inhalt der Webseite der Webseite bleiben vorbehalten. Gewisse Daten und Kommentare sind das geistige Eigentum von Dritten, deren Urheberrechte ebenfalls vorbehalten bleiben. Insbesondere d\u00fcrfen Daten nicht vertrieben, verkauft, weitergeleitet oder Dritten sonst\u2026","rel":"","context":"In &quot;Blog&quot;","block_context":{"text":"Blog","link":"https:\/\/braintank.ch\/?cat=2"},"img":{"alt_text":"","src":"","width":0,"height":0},"classes":[]}],"_links":{"self":[{"href":"https:\/\/braintank.ch\/index.php?rest_route=\/wp\/v2\/pages\/6238","targetHints":{"allow":["GET"]}}],"collection":[{"href":"https:\/\/braintank.ch\/index.php?rest_route=\/wp\/v2\/pages"}],"about":[{"href":"https:\/\/braintank.ch\/index.php?rest_route=\/wp\/v2\/types\/page"}],"author":[{"embeddable":true,"href":"https:\/\/braintank.ch\/index.php?rest_route=\/wp\/v2\/users\/1"}],"replies":[{"embeddable":true,"href":"https:\/\/braintank.ch\/index.php?rest_route=%2Fwp%2Fv2%2Fcomments&post=6238"}],"version-history":[{"count":0,"href":"https:\/\/braintank.ch\/index.php?rest_route=\/wp\/v2\/pages\/6238\/revisions"}],"wp:attachment":[{"href":"https:\/\/braintank.ch\/index.php?rest_route=%2Fwp%2Fv2%2Fmedia&parent=6238"}],"curies":[{"name":"wp","href":"https:\/\/api.w.org\/{rel}","templated":true}]}}